{"id":82,"date":"2015-02-25T11:28:57","date_gmt":"2015-02-25T10:28:57","guid":{"rendered":"http:\/\/moeller-website.hsnetworks.de\/?page_id=82"},"modified":"2018-10-26T09:28:47","modified_gmt":"2018-10-26T07:28:47","slug":"kontakt","status":"publish","type":"page","link":"http:\/\/heizungshelfer.de\/?page_id=82","title":{"rendered":"Bad und Sanit\u00e4r"},"content":{"rendered":"<p>Haben Sie vielleicht auch schon mit dem Gedanken gespielt, Ihr Badezimmer auf den neusten Stand zu bringen, wissen aber nicht, wer diese Sanierung fachgerecht \u00fcbernehmen kann?<\/p>\n<p>Unser Team von M\u00f6ller Heizung &amp; Service GmbH k\u00fcmmert sich in allen Belangen um die Realisierung Ihres Badezimmertraums! In unserem Rundum- sorglos Paket sind eine individuelle Beratung und Planung enthalten sowie, aus Wunsch, eine dreidimensionale Visualisierung Ihres neuen Badezimmers.<\/p>\n<p><a href=\"http:\/\/heizungshelfer.de\/wp-content\/uploads\/2018\/10\/bathroom-2460377_960_720.jpg\"><img loading=\"lazy\" decoding=\"async\" class=\"alignnone size-medium wp-image-406\" src=\"http:\/\/heizungshelfer.de\/wp-content\/uploads\/2018\/10\/bathroom-2460377_960_720-300x199.jpg\" alt=\"bathroom-2460377_960_720\" width=\"300\" height=\"199\" srcset=\"http:\/\/heizungshelfer.de\/wp-content\/uploads\/2018\/10\/bathroom-2460377_960_720-300x199.jpg 300w, http:\/\/heizungshelfer.de\/wp-content\/uploads\/2018\/10\/bathroom-2460377_960_720.jpg 960w\" sizes=\"auto, (max-width: 300px) 100vw, 300px\" \/><\/a><\/p>\n<p>&nbsp;<\/p>\n<p>Unser Netzwerk aus hochqualifizierten Partnern stellt sicher, auch besondere W\u00fcnsche in bester Qualit\u00e4t umzusetzen. Wir empfehlen Ihnen ausserdem gerne einen Fliesenleger, Elektriker, Maler, Maurer, Tischler etc<\/p>\n<p>W\u00fcnschen Sie einen kostenlosen Beratungs- Besichtigungstermin?<\/p>\n<p>Rufen Sie uns an oder schreiben Sie uns eine kurze Mail.<\/p>\n<p><span style=\"color: #003366;\">0571-505033<\/span> oder <span style=\"color: #800000;\">info@heizungshelfer.de<\/span><\/p>\n<p>&nbsp;<\/p>\n","protected":false},"excerpt":{"rendered":"<p>Haben Sie vielleicht auch schon mit dem Gedanken gespielt, Ihr Badezimmer auf den neusten Stand zu bringen, wissen aber nicht, wer diese Sanierung fachgerecht \u00fcbernehmen kann? Unser Team von M\u00f6ller Heizung &amp; Service GmbH k\u00fcmmert sich in allen Belangen um &hellip; <a href=\"http:\/\/heizungshelfer.de\/?page_id=82\">Weiterlesen <span class=\"meta-nav\">&rarr;<\/span><\/a><\/p>\n","protected":false},"author":1,"featured_media":0,"parent":0,"menu_order":0,"comment_status":"closed","ping_status":"closed","template":"","meta":{"footnotes":""},"class_list":["post-82","page","type-page","status-publish","hentry"],"_links":{"self":[{"href":"http:\/\/heizungshelfer.de\/index.php?rest_route=\/wp\/v2\/pages\/82","targetHints":{"allow":["GET"]}}],"collection":[{"href":"http:\/\/heizungshelfer.de\/index.php?rest_route=\/wp\/v2\/pages"}],"about":[{"href":"http:\/\/heizungshelfer.de\/index.php?rest_route=\/wp\/v2\/types\/page"}],"author":[{"embeddable":true,"href":"http:\/\/heizungshelfer.de\/index.php?rest_route=\/wp\/v2\/users\/1"}],"replies":[{"embeddable":true,"href":"http:\/\/heizungshelfer.de\/index.php?rest_route=%2Fwp%2Fv2%2Fcomments&post=82"}],"version-history":[{"count":8,"href":"http:\/\/heizungshelfer.de\/index.php?rest_route=\/wp\/v2\/pages\/82\/revisions"}],"predecessor-version":[{"id":412,"href":"http:\/\/heizungshelfer.de\/index.php?rest_route=\/wp\/v2\/pages\/82\/revisions\/412"}],"wp:attachment":[{"href":"http:\/\/heizungshelfer.de\/index.php?rest_route=%2Fwp%2Fv2%2Fmedia&parent=82"}],"curies":[{"name":"wp","href":"https:\/\/api.w.org\/{rel}","templated":true}]}}