{"id":39,"date":"2015-02-19T15:19:20","date_gmt":"2015-02-19T14:19:20","guid":{"rendered":"http:\/\/moeller-website.hsnetworks.de\/?page_id=39"},"modified":"2016-09-14T15:16:56","modified_gmt":"2016-09-14T13:16:56","slug":"wie-entluefte-ich-richtig","status":"publish","type":"page","link":"http:\/\/heizungshelfer.de\/?page_id=39","title":{"rendered":"Wie entl\u00fcfte ich richtig?"},"content":{"rendered":"<p><strong>So, jetzt gehts ans Eingemachte ! \ud83d\ude42<\/strong><\/p>\n<p>Als erstes mu\u00df unterschieden werden, ob Sie nur\u00a0<b>einen<\/b>\u00a0Heizk\u00f6rper, oder\u00a0<b>alle<\/b>\u00a0Heizk\u00f6rper entl\u00fcften wollen.<\/p>\n<p>Bei nur einem Heizk\u00f6rper mit einem Luftventil sollte man das Thermostat-Ventil am Heizk\u00f6rper schlie\u00dfen, dann entl\u00fcften, TH-Ventil wieder \u00f6ffnen, TH-Ventil nach 10 Sekunden schlie\u00dfen, wiederum entl\u00fcften&#8230;.. solange, bis keine Glucker- bzw. Knisterger\u00e4usche mehr im Heizk\u00f6rper zu h\u00f6ren sind.<\/p>\n<p>Entl\u00fcften bedeutet, da\u00df Sie die Entl\u00fcftungsschraube mit einem Entl\u00fcftungs-Schl\u00fcssel ca. 1\/2 &#8211; 1 Umdrehung gegen den Uhrzeigersinn \u00f6ffnen, einen Becher oder einen Lappen unter das kleine Ventil halten und solange warten, bis ein fester Strahl Wasser ohne Luft herausl\u00e4uft.<\/p>\n<p>Falls das Gluckern\/Knistern auch nach dem 3. \u00d6ffnen\/Schlie\u00dfen noch deutlich h\u00f6rbar ist, so h\u00e4ngt der Heizk\u00f6rper wahrscheinlich nicht waagerecht ! Der Heizk\u00f6rper sollte niemals zum TH-Ventil steigen, sondern immer etwas zum Entl\u00fcftungsventil !! Sonst bekommen Sie die Luft nur mit viel Tricks aus dem Heizk\u00f6rper, was zum Selbermachen allerdings zu aufwendig\/gef\u00e4hrlich ist !<\/p>\n<p>Sollte der Heizk\u00f6rper also zur falschen Seite steigen, so lassen Sie ihn korrekt befestigen, ansonsten ist alles andere ohne Erfolg.<\/p>\n<p><img decoding=\"async\" src=\"http:\/\/www.heizungshelfer.de\/bilder\/Luftschraube.gif\" alt=\"Entl\u00fcftungsventil\" align=\"right\" \/>\u00dcbrigens, so sieht z.B. ein Entl\u00fcftungsventil aus (Bild rechts),<br \/>\n<img decoding=\"async\" src=\"http:\/\/www.heizungshelfer.de\/bilder\/Luftschluessel.gif\" alt=\"Entl\u00fcftungsschl\u00fcssel\" align=\"left\" \/>und so der passende Schl\u00fcssel (Bild links).<br \/>\nBei dem dargestellten Entl\u00fcftungsventil kann man sogar den wei\u00dfen Kunststoff-Auslauf so beliebig drehen, da\u00df das herauslaufende Wasser mit einem geeignetem Becher problemlos aufgefangen werden kann.<\/p>\n<p>Bei der Entl\u00fcftung von allen Heizk\u00f6rpern auf einmal, empfiehlt es sich, als erstes ALLE Heizk\u00f6rper-Thermostatventile zu \u00f6ffnen, dann die Heizung komplett abzustellen und ca. 5 Minuten zu warten.<\/p>\n<p>Dann f\u00fcllt man die Heizung auf ca. 2.0 bar Wasserdruck und f\u00e4ngt mit dem Entl\u00fcften bei den UNTEREN Heizk\u00f6rpern an !<\/p>\n<p>Wenn Sie viel Luft aus einzelnen Heizk\u00f6rpern ablassen, so kann es sein, da\u00df Sie ab und zu erneut Wasser nachf\u00fcllen m\u00fcssen. Entl\u00fcften Sie immer Etagenweise ! Erst wenn eine Etage fertig ist, entl\u00fcften Sie die dar\u00fcberliegende !<\/p>\n<p>Gerade bei alten Heizsystemen kann es sein, da\u00df einzelne Heizk\u00f6rper keine Entl\u00fcftungsm\u00f6glichkeit haben; hier wird die Luft \u00fcber die dar\u00fcberliegenden Heizk\u00f6rper (ganz fr\u00fcher mit einer Luftsammelleitung auf dem Spitzboden) abgef\u00fchrt.<\/p>\n<p><img decoding=\"async\" src=\"http:\/\/www.heizungshelfer.de\/bilder\/Tacco.gif\" alt=\"Automatischer Entl\u00fcfter\" align=\"right\" \/>Bei automatischen Entl\u00fcftern sollte \u00fcberpr\u00fcft werden, ob die kleine Verschlu\u00dfkappe (\u00e4hnlich einer Reifenventilkappe) oben auf dem Entl\u00fcfter aufgedreht ist. Rechts sehen Sie ein Beispiel eines automatischen Entl\u00fcfters, die Sie allesamt an der etwas klobigen Form erkennen k\u00f6nnen.<\/p>\n<p>Bitte denken Sie daran, da\u00df Sie nach Abschlu\u00df der Entl\u00fcftungs-Aktion den Wasserstand kontrollieren !<\/p>\n<ul>\n<li>Zu niedrig ? Wasser nachf\u00fcllen !<\/li>\n<li>Zu hoch ? Wasser an der Entl\u00fcftungsschraube eines Heizk\u00f6rpers ablassen !<\/li>\n<\/ul>\n<p>Wenn alles in Ordnung ist, schalten Sie die Heizung wieder an, drehen Sie die voll ge\u00f6ffneten Heizk\u00f6rperthermostatventile auf die gew\u00fcnschte Stellung zur\u00fcck und verschlie\u00dfen die Kappen der automatischen Entl\u00fcfter.<\/p>\n","protected":false},"excerpt":{"rendered":"<p>So, jetzt gehts ans Eingemachte ! \ud83d\ude42 Als erstes mu\u00df unterschieden werden, ob Sie nur\u00a0einen\u00a0Heizk\u00f6rper, oder\u00a0alle\u00a0Heizk\u00f6rper entl\u00fcften wollen. Bei nur einem Heizk\u00f6rper mit einem Luftventil sollte man das Thermostat-Ventil am Heizk\u00f6rper schlie\u00dfen, dann entl\u00fcften, TH-Ventil wieder \u00f6ffnen, TH-Ventil nach 10 &hellip; <a href=\"http:\/\/heizungshelfer.de\/?page_id=39\">Weiterlesen <span class=\"meta-nav\">&rarr;<\/span><\/a><\/p>\n","protected":false},"author":1,"featured_media":0,"parent":24,"menu_order":0,"comment_status":"closed","ping_status":"closed","template":"","meta":{"footnotes":""},"class_list":["post-39","page","type-page","status-publish","hentry"],"_links":{"self":[{"href":"http:\/\/heizungshelfer.de\/index.php?rest_route=\/wp\/v2\/pages\/39","targetHints":{"allow":["GET"]}}],"collection":[{"href":"http:\/\/heizungshelfer.de\/index.php?rest_route=\/wp\/v2\/pages"}],"about":[{"href":"http:\/\/heizungshelfer.de\/index.php?rest_route=\/wp\/v2\/types\/page"}],"author":[{"embeddable":true,"href":"http:\/\/heizungshelfer.de\/index.php?rest_route=\/wp\/v2\/users\/1"}],"replies":[{"embeddable":true,"href":"http:\/\/heizungshelfer.de\/index.php?rest_route=%2Fwp%2Fv2%2Fcomments&post=39"}],"version-history":[{"count":2,"href":"http:\/\/heizungshelfer.de\/index.php?rest_route=\/wp\/v2\/pages\/39\/revisions"}],"predecessor-version":[{"id":305,"href":"http:\/\/heizungshelfer.de\/index.php?rest_route=\/wp\/v2\/pages\/39\/revisions\/305"}],"up":[{"embeddable":true,"href":"http:\/\/heizungshelfer.de\/index.php?rest_route=\/wp\/v2\/pages\/24"}],"wp:attachment":[{"href":"http:\/\/heizungshelfer.de\/index.php?rest_route=%2Fwp%2Fv2%2Fmedia&parent=39"}],"curies":[{"name":"wp","href":"https:\/\/api.w.org\/{rel}","templated":true}]}}