{"id":33,"date":"2015-02-19T15:16:38","date_gmt":"2015-02-19T14:16:38","guid":{"rendered":"http:\/\/moeller-website.hsnetworks.de\/?page_id=33"},"modified":"2016-09-14T15:14:37","modified_gmt":"2016-09-14T13:14:37","slug":"fliessgeraeusche-in-demn-heizkoerpern","status":"publish","type":"page","link":"http:\/\/heizungshelfer.de\/?page_id=33","title":{"rendered":"Flie\u00dfger\u00e4usche in dem\/n Heizk\u00f6rper\/n"},"content":{"rendered":"<p><strong>Fehlereingrenzung:<\/strong><\/p>\n<ul>\n<li>Kommen die Ger\u00e4usche besonders stark zur Nacht hin ?<\/li>\n<li>Sind die Ger\u00e4usche auch da, trotzdem das Heizk\u00f6rperventil<\/li>\n<li>ganz geschlossen ist ?<\/li>\n<li>Werden die Ger\u00e4usche besser, wenn alle Heizk\u00f6rper voll aufgedreht sind ?<\/li>\n<\/ul>\n<p><strong>Fehlervermutung:<\/strong><\/p>\n<p>Dieses Problem deutet meist auf ein eine zu hoch eingestellte Pumpenleistung hin.<br \/>\nAber auch Luft kann f\u00fcr Flie\u00dfger\u00e4usche verantwortlich sein.<\/p>\n<p><strong>Vorgehensweise:<br \/>\n<\/strong><br \/>\nStellen Sie alle Heizk\u00f6rper-TH-Ventile auf die Stellung, die Sie zur Nacht hin normalerweise haben.<\/p>\n<p>Stellen Sie die Pumpenleistung auf die niedrigste Stufe . Sind die Ger\u00e4usche weniger, aber noch unertr\u00e4glich ?<\/p>\n<p>Dann sollten Sie nachschauen, ob \u00fcber der Pumpe ein sogenanntes &#8222;\u00dcberstr\u00f6mventil&#8220; eingebaut wurde.<\/p>\n<p>Sie erkennen es daran, da\u00df dieses Ventil eine kleine Verbindungsleitung zum R\u00fccklauf hat und eine drehbare, einstellbare Kappe.<\/p>\n<p>\u00d6ffnen Sie das \u00dcberstr\u00f6mventil jeweils ca. 2 ganze Umdrehungen gegen den Uhrzeigersinn und kontrollieren Sie erst das Ger\u00e4usch im Heizk\u00f6rper. Sie k\u00f6nnen das \u00dcberstr\u00f6mventil auch ganz aufdrehen, dies w\u00e4re allerdings ein Zeichen daf\u00fcr, da\u00df die Pumpe f\u00fcr Ihre Heizungsanlage zu gro\u00df ist, lassen Sie sich besser dann eine selbstregelnde, neue Pumpe einbauen, die sparen sehr viel Strom, sind zudem leiser und lassen sich sogar zur Nacht hin automatisch in einen &#8222;Fl\u00fcstermodus&#8220; versetzten.<\/p>\n<p>Ein besonderes Problem taucht in letzter Zeit h\u00e4ufig bei Neuanlagen auf, die nicht richtig &#8222;hydraulisch Abgeglichen&#8220; wurden.<\/p>\n<p>Beispiel wie es nicht sein sollte:<\/p>\n<p><img decoding=\"async\" class=\" aligncenter\" src=\"http:\/\/www.heizungshelfer.de\/bilder\/hydrabgl1.gif\" alt=\"\" \/><br \/>\nKorrekt mithilfe der Voreinstellungen und\/oder R\u00fccklaufverschraubungen abgeglichenes Heizsystem:<\/p>\n<p><img decoding=\"async\" class=\" aligncenter\" src=\"http:\/\/www.heizungshelfer.de\/bilder\/hydrabgl2.gif\" alt=\"\" \/><br \/>\nWohlgemerkt nur bei neueren Systemen, da nur diese \u00fcber Voreinstellungen<br \/>\nbzw. drosselbare R\u00fccklaufverschraubungen verf\u00fcgen.<\/p>\n<p><img decoding=\"async\" src=\"http:\/\/www.heizungshelfer.de\/bilder\/Ventileinstellung.jpg\" alt=\"Ventil-Voreinstellung\" align=\"right\" \/>Hierbei ist es wichtig, die Heizk\u00f6rper, die am dichtesten an der Pumpe montiert sind, \u00fcber die Voreinstellungen zu drosseln und die am weitesten entfernten Heizk\u00f6rper so weit wie m\u00f6glich zu \u00f6ffnen.<\/p>\n<p>Durch das korrekte Abgleichen des Heizungssystemes kann sich der Stromverbrauch der Pumpe und die Ger\u00e4usche ganz erheblich verringern und ein schlecht heizender Heizk\u00f6rper zu einer wahren W\u00e4rmequelle ver\u00e4ndern.<\/p>\n<p>Da diese &#8222;Feineinstellung&#8220; sehr genau einzustellen ist und Wissen \u00fcber das Zusammenspiel zwischen Pumpenleistung\/Rohranschl\u00fc\u00dfe\/Heizk\u00f6rper- und Raumgr\u00f6\u00dfe verlangt, sollte diese Einstellung im Zweifelsfall lieber durch einen Fachmann erfolgen.<\/p>\n","protected":false},"excerpt":{"rendered":"<p>Fehlereingrenzung: Kommen die Ger\u00e4usche besonders stark zur Nacht hin ? Sind die Ger\u00e4usche auch da, trotzdem das Heizk\u00f6rperventil ganz geschlossen ist ? Werden die Ger\u00e4usche besser, wenn alle Heizk\u00f6rper voll aufgedreht sind ? Fehlervermutung: Dieses Problem deutet meist auf ein &hellip; <a href=\"http:\/\/heizungshelfer.de\/?page_id=33\">Weiterlesen <span class=\"meta-nav\">&rarr;<\/span><\/a><\/p>\n","protected":false},"author":1,"featured_media":0,"parent":24,"menu_order":0,"comment_status":"closed","ping_status":"closed","template":"","meta":{"footnotes":""},"class_list":["post-33","page","type-page","status-publish","hentry"],"_links":{"self":[{"href":"http:\/\/heizungshelfer.de\/index.php?rest_route=\/wp\/v2\/pages\/33","targetHints":{"allow":["GET"]}}],"collection":[{"href":"http:\/\/heizungshelfer.de\/index.php?rest_route=\/wp\/v2\/pages"}],"about":[{"href":"http:\/\/heizungshelfer.de\/index.php?rest_route=\/wp\/v2\/types\/page"}],"author":[{"embeddable":true,"href":"http:\/\/heizungshelfer.de\/index.php?rest_route=\/wp\/v2\/users\/1"}],"replies":[{"embeddable":true,"href":"http:\/\/heizungshelfer.de\/index.php?rest_route=%2Fwp%2Fv2%2Fcomments&post=33"}],"version-history":[{"count":2,"href":"http:\/\/heizungshelfer.de\/index.php?rest_route=\/wp\/v2\/pages\/33\/revisions"}],"predecessor-version":[{"id":303,"href":"http:\/\/heizungshelfer.de\/index.php?rest_route=\/wp\/v2\/pages\/33\/revisions\/303"}],"up":[{"embeddable":true,"href":"http:\/\/heizungshelfer.de\/index.php?rest_route=\/wp\/v2\/pages\/24"}],"wp:attachment":[{"href":"http:\/\/heizungshelfer.de\/index.php?rest_route=%2Fwp%2Fv2%2Fmedia&parent=33"}],"curies":[{"name":"wp","href":"https:\/\/api.w.org\/{rel}","templated":true}]}}