{"id":27,"date":"2015-02-19T15:14:37","date_gmt":"2015-02-19T14:14:37","guid":{"rendered":"http:\/\/moeller-website.hsnetworks.de\/?page_id=27"},"modified":"2016-09-14T16:04:49","modified_gmt":"2016-09-14T14:04:49","slug":"ein-heizkoerper-wird-nicht-warm-genug","status":"publish","type":"page","link":"http:\/\/heizungshelfer.de\/?page_id=27","title":{"rendered":"Ein Heizk\u00f6rper wird nicht warm genug"},"content":{"rendered":"<p><strong>Fehlereingrenzung:<\/strong><\/p>\n<ul>\n<li>Thermostatventil ist nicht ganz aufgedreht.<\/li>\n<li>Es befindet sich Luft im Heizk\u00f6rper<\/li>\n<li>Thermostatventil \/ Heizk\u00f6rper sitzt in einer Nische<\/li>\n<li>TH-Ventil \/ Heizk\u00f6rper wird von Gardinen \/ M\u00f6beln abgedeckt<\/li>\n<li>Zu kleine\/lange Rohrleitung zum Heizk\u00f6rper<\/li>\n<li>Pumpenleistung zu niedrig<\/li>\n<li>Absperrbare R\u00fccklaufverschraubung nicht ganz auf<\/li>\n<li>Heizk\u00f6rper Vorlauf- \/ R\u00fccklaufanschlu\u00df vertauscht<\/li>\n<li>Heizk\u00f6rper h\u00e4ngt schief und l\u00e4\u00dft sich dadurch nicht entl\u00fcften<\/li>\n<li>Durchflu\u00df-Voreinstellung (nur neue Heizk\u00f6rper\/bzw. Ventile) zu gering<\/li>\n<\/ul>\n<p><strong>Fehlervermutung:<br \/>\n<\/strong>Meistens liegt der Fehler in einer nicht ganz ge\u00f6ffneten absperrbaren R\u00fccklaufverschraubung oder daran, da\u00df der Thermostatkopf nicht die Raumtemperatur f\u00fchlen kann, da er in einer Nische sitzt, mit Gardinen abgedeckt ist und einfach nicht weit genug aufgedreht wurde.<\/p>\n<p><strong>Vorgehensweise:<\/strong><br \/>\nThermostatventil GANZ \u00f6ffnen, wird der Heizk\u00f6rper w\u00e4rmer, bekommt der Thermostat zuviel W\u00e4rme vom Heizk\u00f6rper und schlie\u00dft dementsprechend viel fr\u00fcher, als die anderen Heizk\u00f6rperventile.<\/p>\n<p><strong>Abhilfe:<\/strong><br \/>\nTH-Ventil einfach 1 oder 2 Nummern weiter aufdrehen, oder<br \/>\nTH-Ventil mit Fernf\u00fchler bzw. Ferneinsteller einbauen lassen.<\/p>\n<p><strong>Andere Ursache testen:<br \/>\n<\/strong>Alle anderen Heizk\u00f6rper schlie\u00dfen, wird der Heizk\u00f6rper jetzt w\u00e4rmer, liegt es meist an einer zu gering eingestellten Pumpe, zu gering eingestellter Voreinstellung oder nicht ganz ge\u00f6ffneter R\u00fccklaufverschraubung.<br \/>\n<strong>Abhilfe:<\/strong> Pumpe eine Stellung h\u00f6her einstellen:<\/p>\n<p><img decoding=\"async\" src=\"http:\/\/www.heizungshelfer.de\/bilder\/UPumpe.gif\" alt=\"Pumpe\" align=\"right\" \/>Die Einstellung bei diesen Pumpen ist meistens an dem Kasten, wo das Stromkabel eingef\u00fchrt wird. Viele sind 2-4 stufig. Versuchen Sie, ob eine Erh\u00f6hung der Geschwindigkeit eine Verbesserung bringt.<\/p>\n<p>Ansonsten versuchen Sie die Voreinstellung (nur bei neuen Heizk\u00f6rpern bzw. Ventilen m\u00f6glich) oder die R\u00fccklaufverschraubung am Heizk\u00f6rper weiter zu \u00f6ffnen.<\/p>\n","protected":false},"excerpt":{"rendered":"<p>Fehlereingrenzung: Thermostatventil ist nicht ganz aufgedreht. Es befindet sich Luft im Heizk\u00f6rper Thermostatventil \/ Heizk\u00f6rper sitzt in einer Nische TH-Ventil \/ Heizk\u00f6rper wird von Gardinen \/ M\u00f6beln abgedeckt Zu kleine\/lange Rohrleitung zum Heizk\u00f6rper Pumpenleistung zu niedrig Absperrbare R\u00fccklaufverschraubung nicht ganz &hellip; <a href=\"http:\/\/heizungshelfer.de\/?page_id=27\">Weiterlesen <span class=\"meta-nav\">&rarr;<\/span><\/a><\/p>\n","protected":false},"author":1,"featured_media":0,"parent":24,"menu_order":0,"comment_status":"closed","ping_status":"closed","template":"","meta":{"footnotes":""},"class_list":["post-27","page","type-page","status-publish","hentry"],"_links":{"self":[{"href":"http:\/\/heizungshelfer.de\/index.php?rest_route=\/wp\/v2\/pages\/27","targetHints":{"allow":["GET"]}}],"collection":[{"href":"http:\/\/heizungshelfer.de\/index.php?rest_route=\/wp\/v2\/pages"}],"about":[{"href":"http:\/\/heizungshelfer.de\/index.php?rest_route=\/wp\/v2\/types\/page"}],"author":[{"embeddable":true,"href":"http:\/\/heizungshelfer.de\/index.php?rest_route=\/wp\/v2\/users\/1"}],"replies":[{"embeddable":true,"href":"http:\/\/heizungshelfer.de\/index.php?rest_route=%2Fwp%2Fv2%2Fcomments&post=27"}],"version-history":[{"count":4,"href":"http:\/\/heizungshelfer.de\/index.php?rest_route=\/wp\/v2\/pages\/27\/revisions"}],"predecessor-version":[{"id":297,"href":"http:\/\/heizungshelfer.de\/index.php?rest_route=\/wp\/v2\/pages\/27\/revisions\/297"}],"up":[{"embeddable":true,"href":"http:\/\/heizungshelfer.de\/index.php?rest_route=\/wp\/v2\/pages\/24"}],"wp:attachment":[{"href":"http:\/\/heizungshelfer.de\/index.php?rest_route=%2Fwp%2Fv2%2Fmedia&parent=27"}],"curies":[{"name":"wp","href":"https:\/\/api.w.org\/{rel}","templated":true}]}}